). Suppose -3*d - 74 = -a, a - z*a + 93 = 5*d. Is 0 - (-12)/4*a composite?
True
Suppose 4*v = a - 5581, 8*v = 2*a + 5*v - 11137. Is a composite?
True
Suppose -2*w + 371 = -w. Suppose 2*g = -3*n + 1230, 2089 = 4*g - n - w. Suppose -2*a = -0*a - y - g, -4*a + 1229 = -y. Is a prime?
True
Let n be (-10 - -14) + (1 - -9). Suppose b = -z - 0*z + 9, 2*z = -4*b + n. Is 5271/z + (-18)/99 prime?
True
Let i(h) = -36*h - 10. Let c(k) = -37*k - 11. Let f(a) = 5*c(a) - 6*i(a). Let b(w) = 31*w + 5. Let r(s) = -6*b(s) + 7*f(s). Is r(8) a composite number?
True
Let l(s) = -117*s**3 + 3*s**2 + 3*s + 1. Let k(v) = -352*v**3 + 8*v**2 + 8*v + 3. Let o(b) = 3*k(b) - 8*l(b). Let w = -15 - -14. Is o(w) a prime number?
False
Let z = 4432 - -7431. Is z a prime number?
True
Let j(a) be the first derivative of 31*a**3/3 + 3*a - 73. Suppose -3*g + 3 = -3. Is j(g) prime?
True
Let q = -9 - -12. Suppose -f - 1 = q*u, 4*f + 4*u - 7 = 3*u. Suppose -3*b + 112 = 2*b - f*a, 3*a - 85 = -4*b. Is b a composite number?
True
Let g(o) be the second derivative of 3*o**5/5 + 2*o**4/3 - 8*o**3/3 - 7*o**2/2 - 19*o. Is g(6) prime?
True
Suppose 4*m = 3*f - 8257, -5*m = 4*f - 7*m - 11026. Is f prime?
False
Let n be ((-79)/3)/(8/144). Let l = -37 - n. Is l a composite number?
True
Let m(b) = b**3 + 11*b**2 - b - 22. Let j be m(-11). Let h(l) = -28*l - 15. Is h(j) composite?
False
Suppose 0 = -11*q + 101709 + 90032. Is q a prime number?
True
Let v(u) = -6*u**3 + 2*u**2 + 3*u + 5. Let i(x) = -x**2 + 1. Let w(g) = -4*i(g) + v(g). Is w(-5) a prime number?
False
Suppose v = -1220 + 3808. Suppose -3*a = a - v. Is a prime?
True
Suppose -2*n + 20 = 16. Suppose 7*g - n*g = 1535. Is g prime?
True
Let l(a) = a - 199*a**2 - 2*a - a**3 - 4 + 203*a**2. Let q be l(3). Suppose -q*y - 2 = -10, 0 = -2*v - 4*y + 182. Is v prime?
True
Suppose 5*m + 21 = 8*m. Suppose -2*j = -2*q - 952, -18 = -5*q + m. Is j a composite number?
True
Suppose -3*g + 18 = 3*z, 5*z = 3*g + 29 - 7. Suppose -z*y + 834 + 1951 = 0. Is y a prime number?
True
Let t = 41 - 33. Suppose 5*d - 2*h = 703, -4*h + t*h - 4 = 0. Is d composite?
True
Let l = -8 + 12. Suppose -174 = 2*u - l*u. Suppose o = u - 32. Is o prime?
False
Suppose -26 + 5 = -7*t. Suppose p - 4*p + 2*c = -239, t*c = -2*p + 181. Is p composite?
False
Suppose 275 = 15*a - 10*a. Suppose 0*u = u + 5, -3*u + a = 2*z. Is z composite?
True
Let t(m) = m**3 - 3*m**2 - 2*m + 6. Let c be t(3). Suppose 3*o - 1 - 14 = c. Suppose o*y + f = -0*f + 472, 0 = -5*y + f + 478. Is y a composite number?
True
Let t(q) = -q**3 + 7*q**2 + 5*q + 13. Let w be t(9). Let v = 315 + w. Is v a composite number?
False
Let k(f) = f**2 + 2*f + 217. Let a = 56 + -56. Is k(a) prime?
False
Let b(s) = s - 4*s + 0*s + 2 + 0. Let o be b(2). Is 3 + o + 3*9 composite?
True
Suppose -2*i = d - i - 1126, -i = -3. Is d prime?
True
Is (1051 - 7) + 3/(-1) composite?
True
Suppose 0 = -s - 3*u + 68609, -4*s - u - 55737 = -330217. Is s composite?
True
Suppose 5*n - 600 = -0*n. Suppose 0 = -m + 4*l + 153, -3*l - n = -m + 32. Is m a prime number?
True
Suppose 49*f - 60 = 44*f. Suppose 3*j + f = -3*g, -2*j - 5 = -4*g + 3. Let t(m) = -m**3 - m**2 + 407. Is t(g) a prime number?
False
Let q be ((-1)/(-3))/(2/(-108)*-6). Suppose 0 = -3*j + 2*j - 2, -q*d + 755 = -j. Is d prime?
True
Let y(z) = 29*z**2 + 11*z - 11. Let j be y(-12). Suppose 0 = -5*i - 5*d + 4950, -5*i = d - j - 921. Is i composite?
False
Let w(t) = 8 - 2*t + 2*t**2 - 5*t + 3. Let y be w(-8). Suppose 0*a - 3*a = -y. Is a a composite number?
True
Let p(d) = 3*d - 4. Let c be p(2). Let n(j) = 2*j**3 - j**2 - j + 2. Let k be n(c). Is k*-1*-7 + 3 composite?
True
Suppose 0 = 5*b + 931 + 1099. Let a = b + 217. Let t = a - -286. Is t prime?
True
Suppose -2*o + 11*o = 8217. Is o prime?
False
Is 90/(-36) - (-34638)/4 composite?
True
Let r(k) = 32550*k**2 + 164*k - 323. Is r(2) composite?
True
Let g = 1071 + -690. Suppose 18*i - 21*i + g = 0. Is i a prime number?
True
Let n be 10/(-4)*36/(-45). Suppose 0 = -k + 1, -n*d = 2*k - 160. Is d prime?
True
Let v be (-2)/10*1 - 1452/(-10). Suppose 5*q + 3*x + v = 515, x = -5*q + 380. Is q a prime number?
False
Suppose -5 = -2*c + 1. Let t(g) = -g + 8. Let n be t(-6). Suppose 0 = s + c - n. Is s a prime number?
True
Let l(v) = 51757*v - 80. Is l(1) a prime number?
False
Let d be (2/4)/(1/564). Let p = 193 - 252. Let j = p + d. Is j a composite number?
False
Let f(d) = 41*d + 22. Suppose 0 = -6*y + y + 55. Is f(y) composite?
True
Let m(l) = -l**3 + l**2 + 2*l + 2. Let t(q) = 2*q**3 - 2*q**2 - 5*q - 3. Let g(a) = -5*m(a) - 3*t(a). Is g(-6) a composite number?
True
Let w(r) = -r**2 + 17*r - 11. Let z be w(17). Let f = 8 + z. Is (251/3)/((-1)/f) prime?
True
Let w = -787 - -1449. Is (w/6)/(4/12) prime?
True
Let v(c) = -5*c**2 - c + 5. Let z(y) = -24*y**2 - 6*y + 26. Let d(a) = 14*v(a) - 3*z(a). Let f be d(-4). Suppose -i + 5*o + 198 = -75, -4*o = f. Is i composite?
False
Let m be 4*(-1)/3 - (-96)/18. Suppose -6966 = -4*y + 2*y - 4*j, -5*j + 13944 = m*y. Is y prime?
True
Let y = 13 + -11. Let v = y - -3. Suppose 0 = -r, -10 = -n - v*r + 93. Is n composite?
False
Suppose -4*m + 3*x + 30160 = 0, -1 + 5 = -x. Is m prime?
True
Let v(q) = -29*q**3 + q**2 + 3*q - 4. Suppose 5*u + 10 = -5. Is v(u) a composite number?
True
Is ((-2935)/(-8) + 7/56)*7 prime?
False
Let b = -11804 + 16587. Is b composite?
False
Let n(s) = -746*s - 4. Let f be n(-3). Suppose -3310 - f = -8*v. Suppose 0 = 5*b - v - 1402. Is b a composite number?
False
Let v be 6*(-2)/8 + (-25844)/(-8). Let k = v + -1572. Is k a composite number?
False
Let v(x) = 37*x**2 - 134*x - 7. Is v(-18) prime?
False
Let a(p) = -2*p**3 + 21*p**2 + 8*p - 20. Is a(-15) a prime number?
False
Suppose -5 = -6*m + 25. Suppose -806 + 5796 = m*h. Let b = h - 357. Is b prime?
True
Suppose g + 4*b + 1300 = 0, 0*g - 5217 = 4*g - b. Let s = -597 - g. Is s a composite number?
True
Let b(i) = -18*i**3 + 3*i**2 + 53. Is b(-6) a composite number?
False
Suppose -5*i + 2*a - 114 = -0*a, -3*i - 5*a = 56. Let h(y) = -y**3 - 13*y**2 - 24*y - 23. Is h(i) composite?
False
Let z be 4/(-14) + 200/(-35). Is 1403/2 - z/(-12) composite?
False
Suppose 42768 = 5*y + 4*g - 7531, 2*y = 3*g + 20138. Is y a prime number?
False
Let k(v) = 2*v + 21. Let g be (-2 - (-2 + (-9)/15))*15. Is k(g) prime?
False
Let m = 175 - 73. Let b = m + -13. Is b prime?
True
Let k(j) = 456*j**2 - 37*j + 135. Is k(4) a composite number?
False
Suppose -11 = m + 4*z, 19 = -3*m + 2*z - 0*z. Is (-2 - m)*(-67)/(-1) prime?
False
Let u = 1120 + -4624. Is ((-5)/3)/(16/u) a composite number?
True
Suppose 3*p + 0*p + 27 = 4*l, -5*l = -p - 31. Let v(q) = 2*q - 6. Let n be v(l). Suppose n*c - 84 = 2*c. Is c a prime number?
False
Let a(b) = 5841*b**2 + 8*b - 10. Is a(1) a prime number?
True
Let z be (-71052)/39 + (-2)/13. Let l = z - -2635. Is l composite?
True
Let m = -1251 - -10359. Let a = m + -3751. Is a a prime number?
False
Let r(q) = -q**3 + 7*q**2 + 2*q - 8. Let a be r(7). Let b(p) = p**3 - 2*p**2 - 9*p - 7. Is b(a) a composite number?
False
Let l(v) = 197*v - 42. Let w(y) = -y**3 - 20*y**2 - 20*y - 12. Let a be w(-19). Is l(a) a prime number?
False
Suppose 3*j = j. Suppose j*o + 5*o - 90 = -3*g, o - 20 = -g. Let b = o - -8. Is b prime?
True
Let x(n) = n**2 - 2. Let w be x(-2). Is (2195 - -9) + (-2)/w prime?
True
Suppose -818 = -2*k + 4*c, 0*c + 1222 = 3*k - c. Suppose -9*t + k = 2*t. Is t composite?
False
Is (-4 - (-18)/4)*1114 composite?
False
Let w = 6147 + -3354. Suppose 0*r = 2*r + c - 1399, c = -4*r + w. Is r a prime number?
False
Let l = 7973 - 5612. Is l prime?
False
Suppose 2*s + 1527 = g, 4*g = 6*g - 2*s - 3064. Let i = 2224 - g. Is i a composite number?
True
Suppose 0 = -5*m + m + 68. Let b = m + 110. Is b prime?
True
Let x(m) = 3*m**3 - m**2 - 3*m. Let g(y) = -3*y**3 + 2*y**2 + 2*y + 1. Let d(r) = 2*g(r) + 3*x(r). Let h = -5 + 8. Is d(h) a prime number?
False
Let l(b) = 673*b**2 + 12*b - 11. Is l(-5) composite?
True
Suppose -4*l - m - 4*m = -323573, 4*l - 5*m - 323603 = 0. Is l composite?
False
Let d(z) be the third derivative of 0*z + 0 - z**2 + 0*z**3 + 1/30*z**5 + 1/24*z**4. Is d(-7) a prime number?
False
Let h be ((-6)/(-24))/((-2)/(-16)). Suppose o - 6 = -a, 0*a + a - h*o = -6. Suppose 5*r = 5*s - 3765, -a*s + 0*s - 3*r + 1496 = 0. Is s a prime num